 t(u) = -5*l(u) - n(u). Calculate t(11).
-31
Let v(k) = k**3 - k - 2. Let d(r) = r**2 + 14*r + 9. Let j be d(-7). Let s be (4/(-8))/(4/j). Suppose -10*p = -s*p. What is v(p)?
-2
Let z(j) = -4*j**2 - 1. Suppose -18*o - 14 = -4*o. Calculate z(o).
-5
Let b(c) be the second derivative of -23*c - 5/2*c**3 + 1/2*c**2 + 0. What is b(1)?
-14
Let q(r) = r**2 - 7*r + 3. Suppose 5*c + 21 - 51 = 0. Let k(o) = o**3 - 6*o**2 + o. Let f be k(c). Determine q(f).
-3
Let c(v) = -26*v - 10. Let s(f) = -34*f - 12. Let a(g) = -4*c(g) + 3*s(g). What is a(6)?
16
Let n(u) = 2 - 3*u + 1 - 2. Suppose -15*w + 7 = 25 + 12. Give n(w).
7
Suppose -k = n - 10, 7*n + k = 2*n + 58. Suppose -6*g - 30 = n. Let r(b) = 2*b + 6. Determine r(g).
-8
Let s = 144 - 142. Let z(l) = 3*l - 5*l**s + 4*l**2 - l**3 - 5*l**2 + 3*l**2. Calculate z(-4).
4
Let x(i) = -i**3 + 8*i**2 + 10*i + 7. Suppose 2*z - 4*z = 3*y - 33, 5*y - 34 = -z. What is x(z)?
16
Let b(x) = 1. Let t(g) = g - 7. Let m(u) = 4*b(u) - t(u). Let d be 1/(-3) - (-6 - (-85)/15). Give m(d).
11
Suppose -13*n = -9*n - 20. Let o(a) = 3*a - 7. Determine o(n).
8
Let y(u) = -3*u**2 - 4*u - 4. Let z = 163 - 159. Suppose 0 = z*s + f + 9, 2*s + 2*f - 4*f + 12 = 0. Calculate y(s).
-19
Let a(g) = -8*g**2 - 1. Let o be -2 + (-2 - (-12)/4). Let r(w) = 2*w**2 - 1. Let u be r(o). What is a(u)?
-9
Suppose 128 - 140 = -2*s. Let w(x) = x**2 - 6*x + 3. Determine w(s).
3
Let u(g) = 3*g**2 - g. Let m(q) be the second derivative of 3*q**4/4 - q**3/2 + q**2/2 + q. Let o(l) = -2*m(l) + 7*u(l). Let n = 5 - 7. What is o(n)?
12
Suppose s - 29 = -5. Suppose -3*d + 3*q = d - s, -5*q = d + 17. Let f(r) = 0*r - 6 + 4 + 2*r - r**2. Give f(d).
-5
Let v = -429 - -425. Let u(c) = c**3 + 3*c**2 + 3*c - 4. Calculate u(v).
-32
Let n(v) = -7*v**2 - 16*v - 19. Let q(c) be the first derivative of -c**3 - 4*c**2 - 9*c + 3. Let h(l) = -2*n(l) + 5*q(l). Give h(-8).
-7
Let r(m) = -m + 3. Let y(l) = l**2 - 18*l + 1. Let i be y(17). Let s be (-52)/i + (-9)/(-12). Suppose -s*h + 24 = -0*h. What is r(h)?
-3
Let j(a) = -1. Let m(u) = u + 2. Let r(c) = 6*j(c) - m(c). Let y = -46 + 56. Suppose -14*p + y*p = 20. Determine r(p).
-3
Let n(h) = 6*h + 4*h - 5*h + 8. Give n(-6).
-22
Let i(l) = l**2 + 6*l**2 - 8*l + 1 - 2 - l**2 - l**3. Let a be i(4). Let u(s) be the first derivative of s**3/3 - s**2/2 - s + 2. Give u(a).
1
Let j(a) be the first derivative of -a**4/12 - 5*a**3/6 + 3*a**2/2 + 3*a + 3. Let x(w) be the first derivative of j(w). Calculate x(-6).
-3
Let b be 3/(6/(-5))*2. Let y(r) be the first derivative of 1/2*r**2 + 6*r + 15. Determine y(b).
1
Let d(u) = 712 + u**3 + 707 - 1412 - 6*u**2 + 2*u. Let g(f) = 7*f - 1. Let a be g(1). Determine d(a).
19
Let b(h) = -h**3 - 8*h**2 + 5. Let d be b(-8). Let c(o) = o - 7. Let v be c(7). Let l(i) = -d + i + 0*i + 4 + v. Determine l(8).
7
Let d be -7 - (-255)/35 - (-145)/7. Let z(u) = -12*u - 13*u + d*u. Calculate z(1).
-4
Let g(j) = -j**2 + 18*j + 10. Let a be g(19). Let q be (-32)/6*(-3)/18*a. Let b(z) = z**3 + 7*z**2 - 10*z - 12. What is b(q)?
4
Let k(j) = 3*j - 3. Let o = -145 + 145. Suppose -x + o*x - 32 = -4*h, -15 = -h + 2*x. Give k(h).
18
Let g(m) be the third derivative of -m**5/60 - m**4/2 - m**3/3 - 6*m**2 - 6. Give g(-11).
9
Let a = -25 + 27. Let u(m) = -m - a*m - 6*m - 2 + 1. Let n be -1 + 1*0/2. Determine u(n).
8
Let k be (-15)/(-25) + 81/15. Let w be ((-2)/(-2))/(3/k). Let z(n) = 4 - w - 2 + 6*n. Determine z(-1).
-6
Let q(r) = 4*r - 1. Let l(d) = -9*d + 14. Let p(v) = l(v) + 3*q(v). Determine p(-4).
-1
Let f(c) = 3*c - 2 - 35*c**3 + 43*c**3 + 96*c**2 - 97*c**2. Determine f(1).
8
Suppose -14*y = 13*y - 27. Let s(b) = -b**2 + 2*b - 2. Give s(y).
-1
Suppose 0 = 4*c - 0*c - 48. Let m(u) = u**2 - c*u + 0 - 1 + 18*u - 10*u. Determine m(5).
4
Suppose 0*t + 4*t - 4 = -4*j, -3*t = 4*j + 1. Let f(k) = 3*k**3 + 3*k**3 - t*k**3 + 3*k - 4*k**2. Calculate f(3).
0
Let w(q) = -q**3 + 5*q**2 + 2*q + 2. Let d(r) = -r**3 + 5*r**2 + r + 2. Let l(c) = -7*d(c) + 6*w(c). Let b = -21 + 25. Give l(b).
2
Let m(c) = -c**3 - 4*c**2 + c - 1. Suppose 2 = x - 8. Let t = 12 - x. Let d = t - 6. What is m(d)?
-5
Suppose 0 = -3*u + 244 - 241. Let a(v) = 7*v**3 - v. Calculate a(u).
6
Let o be -3*(12/(-4) + (-21)/(-9)). Let y(s) = -s**2 + 5*s - 3*s + 5 - o*s + 5*s. Give y(5).
5
Let t(i) = 2*i**2 - 3*i + 5. Let l(h) = -2*h**3 + h**2 + 5*h + 5. Let k be l(0). Calculate t(k).
40
Let r(g) = g**3 + 3*g**2 + g - 1. Suppose -13*o = 49 + 3. What is r(o)?
-21
Let m(d) be the first derivative of -d**3/3 - 3*d**2 - 9*d - 55. Calculate m(-6).
-9
Suppose -5*c - 26 = -3*k, 10 = 5*k - 3*c - 12. Suppose -k*j + 3*j = 5. Let v(r) = -r. Calculate v(j).
-5
Let b(p) = -2*p**2 + p + 8. Let k(m) = 2*m**2 + 2*m - 20. Let i(a) = 2*b(a) + k(a). Let z be -1*(-6)/4*2. Calculate i(z).
-10
Let v = -12 - 6. Let y = 12 + v. Let i(b) be the second derivative of -b**4/12 - 5*b**3/6 - 5*b**2/2 - 42*b. Determine i(y).
-11
Suppose 7 - 14 = -b. Suppose -4*u + 1 = -b. Let r(c) = -2*c + 2. What is r(u)?
-2
Let q(b) = -5*b - 9. Let y(n) = -7*n - 10. Let j(t) = 4*q(t) - 3*y(t). What is j(-10)?
-16
Let b(j) = 1 + 4*j + 3*j**3 + j**3 + 3*j**2 - 3*j**3 + 3*j**2. Let i = 270 - 275. What is b(i)?
6
Let n = 136 - 121. Suppose -n*p = -8*p - 28. Let c(r) = -2*r**2 + 5*r - 2. Determine c(p).
-14
Let k be 21/(-2) - 1/(-2). Let p = -7 - k. Let d(v) be the third derivative of v**5/60 - v**4/12 - v**3/2 + 972*v**2. Determine d(p).
0
Let o(z) be the third derivative of -1/6*z**4 + 1/30*z**5 + 1/3*z**3 - 15*z**2 + 0 + 0*z. Let b be (-1 + -2)/(2 + -3). Calculate o(b).
8
Let p be ((-2)/(-4)*3)/((-33)/(-242)). Let f(k) = 2*k**3 + 18*k**2 + 9 - p*k**2 - 5*k - k**3. What is f(-8)?
-15
Let n(a) be the first derivative of a**4/4 - a**3 - 2*a**2 - 5*a + 1. Suppose -3*c + 5*p = -37, 2*p - 6 = 8*c - 12*c. Give n(c).
-5
Suppose 13*d + 41 = -4*v + 12*d, 4*d = 12. Let g(h) = -h**2 - 11*h + 12. What is g(v)?
12
Let v(b) be the first derivative of 5/2*b**2 + 2/3*b**3 - 1/60*b**5 - 1/24*b**4 + 0*b + 7. Let k(o) be the second derivative of v(o). What is k(0)?
4
Let c(p) be the first derivative of p**4/4 + 2*p**3/3 + p**2/2 - 2*p + 682. Let x = 8 - 11. Calculate c(x).
-14
Let c(q) = -8*q + 5. Let j(m) = -17*m + 11. Let b(k) = -13*c(k) + 6*j(k). Let s = -69 + 67. Give b(s).
-3
Let w(r) = -r + 5. Let s be w(3). Let m(y) = -6 + 6*y**2 + 7*y + y**3 + 0*y**3 - 3*y**2 - 11*y**s. What is m(7)?
-6
Let g(y) = -16145*y + 16142*y - 4 - 32 - 2. What is g(-11)?
-5
Let q(w) = 5*w - 3. Suppose 4*v - 5 = -21. Let u be (-6)/v*(-16)/(-6). What is q(u)?
17
Let j be 1 + (-10)/(-3) + (-20)/(-30). Let v(k) = k + k**2 + 6 - 4*k - 4*k. Give v(j).
-4
Let w(m) be the first derivative of m**4/2 - 7*m**3/3 - m**2 + 9*m + 519. What is w(3)?
-6
Suppose -89 = -13*r - 102. Let f(m) = m**2 + 2*m + 1. Calculate f(r).
0
Let u(a) be the first derivative of a**4 - 2*a**3/3 + a**2/2 - 12. Calculate u(2).
26
Let r(z) = z**2 + 2*z + 1. Let s = -604 - -598. Calculate r(s).
25
Let b(f) = f**2 + 7*f - 7. Suppose -27 = 3*x - 3*g, -9*g + 14*g + 25 = -5*x. Give b(x).
-7
Let q(s) = -s - 4. Let a(b) = -4*b + 0*b + 2*b - 5 + 0*b. Let t(w) = -2*a(w) + 3*q(w). Determine t(-6).
-8
Suppose -32 = -8*h - 0*h. Suppose -5 - 1 = -3*j + 3*m, -h*j + 12 = -2*m. Let r(o) = o**2 - 4*o - 5. Determine r(j).
-5
Let n(r) = 12 + r + 8 + 4 - 24 + 11. Determine n(-13).
-2
Let r(f) be the third derivative of -f**8/6720 + f**7/840 + f**6/90 - f**5/40 + 5*f**4/4 + 27*f**2. Let m(y) be the second derivative of r(y). Determine m(5).
-13
Let s(y) = 2*y + 7. Let j = -68 - -56. Let b be (2/(-4) + -2)/(j/(-24)). Determine s(b).
-3
Let d(g) = -g**2 + 32. Let o be d(-5). Let c(a) = a**3 - 3*a**2 - 1 + 5 - 3*a**2 - o*a - 3. Calculate c(7).
1
Let o(l) = -l**3 - l. Let z(g) = g**3 - 13*g**2 + 21*g + 14. Let q be z(11). Suppose 3*j = -3*v - 6, -v - q*j - 3 = 1. Determine o(v).
2
Let h = -259 + 259. Let f(l) be the third derivative of h*l + 1/24*l**4 + 2*l**2 - 1/6*l**3 + 0. What is f(-2)?
-3
Let t(n) be the third derivative of -2*n**2 - 11/24*n**4 + 0 + 1/60*n**5 + 13/6*n**3 + 0*n. Determine t(10).
3
Let u = -3 - -4. Let r(t) = t**2 + u + 0*t + 2*t + 0. Let l be (-1)/(-3)*12/(-4). Calculate r(l).
0
Let n = -67 - -63. Let q(r) = r**3 - 2*r**2 - 3*r. Let w(z) = -2*z**3 + z**2 + 4*z - 1. Let t = 2 - -1. Let b(p) =